 base 5
120
What is 10 (base 9) in base 2?
1001
Convert -12 (base 4) to base 7.
-6
What is 2 (base 16) in base 2?
10
What is -7 (base 10) in base 3?
-21
What is -23 (base 6) in base 5?
-30
Convert 10 (base 9) to base 14.
9
23 (base 14) to base 10
31
What is 21002 (base 3) in base 4?
2333
2 (base 4) to base 7
2
What is 3 (base 6) in base 15?
3
What is 22 (base 11) in base 16?
18
58 (base 9) to base 2
110101
Convert -10100010 (base 2) to base 6.
-430
0 (base 7) to base 14
0
-45 (base 12) to base 8
-65
Convert -10 (base 8) to base 9.
-8
What is 15 (base 6) in base 3?
102
Convert 7 (base 14) to base 10.
7
Convert 2 (base 12) to base 8.
2
17 (base 13) to base 11
19
Convert 3 (base 16) to base 9.
3
3c (base 14) to base 13
42
What is 1 (base 12) in base 9?
1
Convert -11 (base 6) to base 14.
-7
Convert -1020 (base 3) to base 13.
-27
-9 (base 11) to base 13
-9
-1111 (base 5) to base 11
-132
What is 3a (base 11) in base 3?
1121
1024 (base 6) to base 3
22121
Convert 1 (base 15) to base 2.
1
-35 (base 9) to base 10
-32
Convert -1c (base 16) to base 2.
-11100
-2 (base 5) to base 7
-2
Convert -202 (base 4) to base 3.
-1021
Convert 120 (base 8) to base 7.
143
What is 8 (base 13) in base 11?
8
-b (base 14) to base 13
-b
What is 28 (base 12) in base 6?
52
-111 (base 2) to base 14
-7
Convert 120 (base 10) to base 5.
440
Convert 5 (base 16) to base 7.
5
What is 4 (base 16) in base 5?
4
What is 30 (base 6) in base 7?
24
Convert -11 (base 7) to base 14.
-8
What is -363 (base 7) in base 9?
-233
What is -331 (base 9) in base 10?
-271
What is 200 (base 7) in base 11?
8a
-1a (base 11) to base 2
-10101
Convert -25 (base 6) to base 14.
-13
-1 (base 9) to base 7
-1
Convert 31 (base 13) to base 6.
104
What is -205 (base 11) in base 8?
-367
What is 5 (base 16) in base 5?
10
What is 54 (base 9) in base 2?
110001
70 (base 10) to base 12
5a
27 (base 9) to base 5
100
What is -18 (base 16) in base 4?
-120
-2 (base 5) to base 15
-2
What is 0 (base 12) in base 5?
0
-9 (base 11) to base 14
-9
101 (base 12) to base 14
a5
What is -1 (base 3) in base 4?
-1
Convert 5 (base 16) to base 15.
5
44 (base 10) to base 13
35
Convert 13 (base 14) to base 15.
12
Convert -28 (base 16) to base 9.
-44
Convert -167 (base 9) to base 15.
-97
Convert -100 (base 2) to base 6.
-4
2 (base 9) to base 13
2
What is -2 (base 16) in base 3?
-2
What is 11 (base 4) in base 16?
5
-10100 (base 2) to base 5
-40
Convert 14 (base 11) to base 2.
1111
-134 (base 8) to base 9
-112
-17 (base 12) to base 11
-18
Convert -470 (base 8) to base 4.
-10320
-150 (base 16) to base 9
-413
What is 1101101 (base 2) in base 4?
1231
Convert 111 (base 7) to base 3.
2010
0 (base 3) to base 13
0
Convert -340 (base 8) to base 3.
-22022
-113 (base 8) to base 6
-203
Convert 56 (base 8) to base 14.
34
Convert -210 (base 5) to base 6.
-131
-3 (base 16) to base 4
-3
What is c8 (base 16) in base 2?
11001000
Convert 20 (base 5) to base 12.
a
Convert 10 (base 8) to base 16.
8
Convert -46 (base 10) to base 8.
-56
Convert 326 (base 10) to base 2.
101000110
Convert -3 (base 11) to base 13.
-3
Convert 270 (base 10) to base 13.
17a
What is -6 (base 12) in base 11?
-6
What is -23 (base 5) in base 11?
-12
Convert 0 (base 14) to base 13.
0
What is 13 (base 5) in base 9?
8
What is -7a (base 14) in base 9?
-130
What is 1003 (base 4) in base 11?
61
-3 (base 11) to base 4
-3
1 (base 3) to base 6
1
-10 (base 4) to base 2
-100
What is -10 (base 11) in base 2?
-1011
What is 11001 (base 2) in base 3?
221
What is 20 (base 4) in base 6?
12
What is -4 (base 7) in base 12?
-4
-1221 (base 3) to base 9
-57
Convert -25 (base 6) to base 7.
-23
-1020 (base 3) to base 5
-113
Convert -101022 (base 3) to base 7.
-545
-3 (base 5) to base 14
-3
a8 (base 11) to base 8
166
What is 10 (base 3) in base 5?
3
What is 13 (base 12) in base 7?
21
-2 (base 14) to base 15
-2
2 (base 13) to base 12
2
Convert -6d (base 15) to base 6.
-251
2 (base 10) to base 8
2
What is -1 (base 15) in base 3?
-1
Convert 12 (base 3) to base 9.
5
What is -65 (base 8) in base 7?
-104
35 (base 15) to base 9
55
3 (base 4) to base 12
3
What is -2 (base 14) in base 15?
-2
What is -1b (base 16) in base 8?
-33
-30 (base 4) to base 12
-10
-11 (base 4) to base 3
-12
Convert 1100101 (base 2) to base 16.
65
Convert -4 (base 6) to base 14.
-4
34 (base 6) to base 14
18
Convert 0 (base 9) to base 2.
0
What is -10 (base 2) in base 5?
-2
-65 (base 16) to base 7
-203
Convert 4 (base 10) to base 4.
10
-9 (base 10) to base 3
-100
What is -b (base 12) in base 3?
-102
Convert 20 (base 11) to base 3.
211
2 (base 7) to base 14
2
Convert 3 (base 11) to base 12.
3
What is 11 (base 4) in base 8?
5
Convert 5 (base 11) to base 13.
5
What is -b2 (base 13) in base 10?
-145
-2 (base 6) to base 15
-2
-7 (base 9) to base 4
-13
What is 10100 (base 2) in base 16?
14
What is 8 (base 9) in base 7?
11
31 (base 11) to base 6
54
-2 (base 5) to base 16
-2
Convert -7 (base 10) to base 15.
-7
a (base 16) to base 9
11
What is -23 (base 10) in base 4?
-113
What is -2 (base 14) in base 16?
-2
-9 (base 15) to base 4
-21
Convert 115 (base 7) to base 4.
331
-123 (base 4) to base 11
-25
Convert -a1 (base 13) to base 10.
-131
1 (base 16) to base 14
1
Convert 1 (base 16) to base 3.
1
Convert -6 (base 9) to base 7.
-6
-2 (base 13) to base 5
-2
34 (base 5) to base 9
21
2 (base 7) to base 2
10
-11 (base 6) to base 3
-21
What is 51 (base 8) in base 7?
56
What is -3 (base 16) in base 4?
-3
-10 (base 16) to base 4
-100
Convert -5 (base 7) to base 3.
-12
Convert -21 (base 13) to base 3.
-1000
341 (base 11) to base 2
110011000
What is -104 (base 9) in base 12?
-71
Convert 3 (base 9) to base 2.
11
Convert 113 (base 4) to base 16.
17
-6 (base 11) to base 9
-6
-3 (base 13) to base 14
-3
-10110 (base 2) to base 5
-42
What is -44 (base 9) in base 5?
-130
-2 (base 3) to base 11
-2
What is a (base 11) in base 3?
101
Convert -220 (base 8) to base 2.
-10010000
121 (base 3) to base 4
100
Convert 1022 (base 3) to base 2.
100011
14 (base 14) to base 13
15
37 (base 8) to base 10
31
Convert -14 (base 5) to base 7.
-12
3 (base 9) to base 16
3
-22 (base 15) to base 3
-1012
What is 40 (base 7) in base 12?
24
-14 (base 12) to base 8
-20
Convert 0 (base 2) to base 4.
0
-13 (base 7) to base 12
-a
Convert -9 (base 11) to base 13.
-9
Convert 300 (base 4) to base 15.
33
Convert -2 (base 4) to base 14.
-2
0 (base 10) to base 2
0
3 (base 8) to base 5
3
What is 0 (base 10) in base 16?
0
What is -12 (base 7) in base 4?
-21
What is 55 (base 10) in base 9?
61
-2 (base 4) to base 15
-2
What is -1 (base 11) in base 4?
-1
What is 1c (base 15) in base 2?
11011
8 (base 14) to base 10
8
1e (base 15) to base 16
1d
4d (base 16) to base 2
1001101
32 (base 5) to base 6
25
0 (base 16) to base 3
0
-101 (base 2) to base 13
-5
20 (base 3) to base 11
6
What is 43 (base 7) in base 11?
29
-10 (base 7) to base 2
-111
Convert 6 (base 15) to base 2.
110
What is 152 (base 11) in base 12?
12a
What is -68 (base 10) in base 8?
-104
Convert -4 (base 13) to base 6.
-4
-155 (base 6) to base 2
-1000111
-1a (base 11) to base 12
-19
92 (base 10) to base 11
84
3 (base 15) to base 7
3
Convert 1120 (base 3) to base 15.
2c
What is 1110 (base 4) in base 8?
124
What is 0 (base 3) in base 2?
0
Convert -5 (base 6) to base 2.
-101
Convert 2 (base 9) to base 2.
10
What is 20 (base 3) in base 4?
12
3 (base 16) to base 4
3
Convert -30 (base 8) to base 14.
-1a
Convert -4 (base 16) to base 13.
-4
Convert -44 (base 5) to base 14.
-1a
Convert 22 (base 5) to base 15.
c
-4 (base 14) to base 13
-4
What is 27 (base 13) in base 12?
29
Convert 16 (base 13) to base 8.
23
What is -50 (base 9) in base 12?
-39
What is 100 (base 6) in base 8?
44
12 (base 7) to base 11
9
-10 (base 12) to base 2
-1100
What is -32 (base 5) in base 8?
-21
What is -2 (base 10) in base 16?
-2
73 (base 16) to base 8
163
-113 (base 4) to base 15
-18
What is -1 (base 3) in base 10?
-1
-a (base 15) to base 8
-12
Convert -101110001 (base 2) to base 13.
-225
Convert -4 (base 10) to base 6.
-4
Convert 8 (base 10) to base 9.
8
5 (base 9) to base 11
5
-3 (base 15) to base 5
-3
What is -1 (base 5) in base 11?
-1
Convert c (base 13) to base 14.
c
40 (base 5) to base 6
32
-5 (base 11) to base 6
-5
What is 11 (base 10) in base 4?
23
What is -f (base 16) in base 12?
-13
What is 4